{"id":33,"date":"2023-12-22T17:14:23","date_gmt":"2023-12-22T16:14:23","guid":{"rendered":"http:\/\/zmlsvru.cluster029.hosting.ovh.net\/?page_id=33"},"modified":"2025-03-22T16:17:24","modified_gmt":"2025-03-22T15:17:24","slug":"homepage","status":"publish","type":"page","link":"https:\/\/na2wo4.fr\/","title":{"rendered":"Page d&rsquo;accueil"},"content":{"rendered":"\n<div class=\"wp-block-cover alignfull is-light\" style=\"margin-top:0;margin-bottom:0;padding-top:0;padding-bottom:0;min-height:100vh;aspect-ratio:unset;\"><span aria-hidden=\"true\" class=\"wp-block-cover__background has-background-dim-20 has-background-dim\" style=\"background-color:#FFF\"><\/span><img loading=\"lazy\" decoding=\"async\" width=\"2000\" height=\"919\" class=\"wp-block-cover__image-background wp-image-140\" alt=\"\" src=\"http:\/\/na2wo4.fr\/wp-content\/uploads\/2023\/12\/cropped-MontagneBagnesDeBigorre-scaled-1.jpeg\" data-object-fit=\"cover\" srcset=\"https:\/\/na2wo4.fr\/wp-content\/uploads\/2023\/12\/cropped-MontagneBagnesDeBigorre-scaled-1.jpeg 2000w, https:\/\/na2wo4.fr\/wp-content\/uploads\/2023\/12\/cropped-MontagneBagnesDeBigorre-scaled-1-300x138.jpeg 300w, https:\/\/na2wo4.fr\/wp-content\/uploads\/2023\/12\/cropped-MontagneBagnesDeBigorre-scaled-1-1024x471.jpeg 1024w\" sizes=\"auto, (max-width: 2000px) 100vw, 2000px\" \/><div class=\"wp-block-cover__inner-container has-global-padding is-layout-constrained wp-block-cover-is-layout-constrained\">\n<h1 class=\"wp-block-heading has-text-align-center has-text-color has-link-color has-x-large-font-size wp-elements-9444541ff645491d6562475aa301ec1f\" style=\"color:#fffcf9\"><strong><strong>Conseill\u00e9 en gouvernance I<\/strong>&amp;T<\/strong><\/h1>\n\n\n\n<h3 class=\"wp-block-heading has-text-align-center has-text-color has-link-color has-medium-font-size wp-elements-ef34c5fd9a72de34dfc998660ae2a23b\" style=\"color:#ff3643\">Notre \u00e9quipe d&rsquo;ing\u00e9nieurs exp\u00e9riment\u00e9s op\u00e8re \u00e0 l&rsquo;\u00e9chelle internationale et propose des solutions adapt\u00e9es aux besoins de votre entreprise<\/h3>\n\n\n\n<figure class=\"wp-block-image aligncenter size-full\"><img loading=\"lazy\" decoding=\"async\" width=\"684\" height=\"148\" src=\"http:\/\/na2wo4.fr\/wp-content\/uploads\/2024\/10\/Na2WO4-logo-2025-Bloc-logo.png\" alt=\"\" class=\"wp-image-289\" srcset=\"https:\/\/na2wo4.fr\/wp-content\/uploads\/2024\/10\/Na2WO4-logo-2025-Bloc-logo.png 684w, https:\/\/na2wo4.fr\/wp-content\/uploads\/2024\/10\/Na2WO4-logo-2025-Bloc-logo-300x65.png 300w\" sizes=\"auto, (max-width: 684px) 100vw, 684px\" \/><\/figure>\n<\/div><\/div>\n\n\n\n<div class=\"wp-block-group has-global-padding is-layout-constrained wp-block-group-is-layout-constrained\">\n<h2 class=\"wp-block-heading has-text-align-center has-text-color has-link-color has-medium-font-size wp-elements-7d5e4fb05d8c93281bf798ba86f5e497\" style=\"color:#272d2d;margin-top:var(--wp--preset--spacing--large);margin-bottom:var(--wp--preset--spacing--large);letter-spacing:1px\">R\u00f4le \u00e9ph\u00e9m\u00e8re<br>Impact durable<\/h2>\n\n\n\n<hr class=\"wp-block-separator has-text-color has-alpha-channel-opacity has-background\" style=\"margin-top:var(--wp--preset--spacing--large);margin-bottom:var(--wp--preset--spacing--large);background-color:#ff3643;color:#ff3643\"\/>\n<\/div>\n\n\n\n<div class=\"wp-block-columns has-background is-layout-flex wp-container-core-columns-is-layout-28f84493 wp-block-columns-is-layout-flex\" style=\"background-color:#6883ba\">\n<div class=\"wp-block-column is-layout-flow wp-block-column-is-layout-flow\" style=\"flex-basis:33.34%\">\n<h2 class=\"wp-block-heading\"><strong><strong>SE PR\u00c9PARER AU CHANGEMENT<\/strong><\/strong><\/h2>\n\n\n\n<blockquote class=\"wp-block-quote is-layout-flow wp-block-quote-is-layout-flow\">\n<p class=\"has-text-color has-link-color wp-elements-9096d1c8146576216efc8668084d7f23\" style=\"color:#fffcf9\">L&rsquo;arriv\u00e9e d&rsquo;un nouvel ERP ou d&rsquo;un logiciel cl\u00e9 (CRM, GED, PLM), contactez-nous<\/p>\n<\/blockquote>\n<\/div>\n\n\n\n<div class=\"wp-block-column is-layout-flow wp-block-column-is-layout-flow\" style=\"flex-basis:33.34%\">\n<figure class=\"wp-block-image size-full\"><img loading=\"lazy\" decoding=\"async\" width=\"1024\" height=\"768\" src=\"http:\/\/na2wo4.fr\/wp-content\/uploads\/2023\/12\/InterimDirectorMan02.jpg\" alt=\"\" class=\"wp-image-23\" srcset=\"https:\/\/na2wo4.fr\/wp-content\/uploads\/2023\/12\/InterimDirectorMan02.jpg 1024w, https:\/\/na2wo4.fr\/wp-content\/uploads\/2023\/12\/InterimDirectorMan02-300x225.jpg 300w\" sizes=\"auto, (max-width: 1024px) 100vw, 1024px\" \/><\/figure>\n<\/div>\n\n\n\n<div class=\"wp-block-column is-layout-flow wp-block-column-is-layout-flow\" style=\"flex-basis:33.33%\">\n<h2 class=\"wp-block-heading has-text-align-center\">DSI<\/h2>\n\n\n\n<hr class=\"wp-block-separator has-text-color has-alpha-channel-opacity has-background\" style=\"margin-top:var(--wp--preset--spacing--small);margin-bottom:var(--wp--preset--spacing--small);background-color:#fffcf9;color:#fffcf9\"\/>\n\n\n\n<p style=\"margin-right:var(--wp--preset--spacing--small);margin-left:var(--wp--preset--spacing--small)\">DSI de transition<br>Directeur \u00e0 temps partag\u00e9<br>Gestionnaire du changement<\/p>\n<\/div>\n<\/div>\n\n\n\n<hr class=\"wp-block-separator has-text-color has-alpha-channel-opacity has-background\" style=\"margin-top:var(--wp--preset--spacing--large);margin-bottom:var(--wp--preset--spacing--large);background-color:#ff3643;color:#ff3643\"\/>\n\n\n\n<div class=\"wp-block-columns has-background is-layout-flex wp-container-core-columns-is-layout-28f84493 wp-block-columns-is-layout-flex\" style=\"background-color:#cedada\">\n<div class=\"wp-block-column is-layout-flow wp-block-column-is-layout-flow\">\n<h2 class=\"wp-block-heading has-text-color has-link-color wp-elements-d4d85778adbefbaab04691cd50e6b4ef\" style=\"color:#272d2d\">AUDIT<\/h2>\n\n\n\n<blockquote class=\"wp-block-quote has-text-color has-link-color wp-elements-a115262c083c9dd465920ffed7d9e8b6 is-layout-flow wp-block-quote-is-layout-flow\" style=\"color:#272d2d\">\n<p class=\"has-text-color has-link-color wp-elements-91d506f6b280ed16b264804daae3cd42\" style=\"color:#272d2d\">Si vous envisagez d&rsquo;acqu\u00e9rir une entreprise et souhaitez conna\u00eetre le co\u00fbt de l&rsquo;int\u00e9gration informatique, contactez-nous.<\/p>\n<\/blockquote>\n<\/div>\n\n\n\n<div class=\"wp-block-column is-layout-flow wp-block-column-is-layout-flow\">\n<figure class=\"wp-block-image size-full\"><img loading=\"lazy\" decoding=\"async\" width=\"1024\" height=\"768\" src=\"http:\/\/na2wo4.fr\/wp-content\/uploads\/2023\/12\/InterimDirectorMan01.jpg\" alt=\"\" class=\"wp-image-22\" srcset=\"https:\/\/na2wo4.fr\/wp-content\/uploads\/2023\/12\/InterimDirectorMan01.jpg 1024w, https:\/\/na2wo4.fr\/wp-content\/uploads\/2023\/12\/InterimDirectorMan01-300x225.jpg 300w\" sizes=\"auto, (max-width: 1024px) 100vw, 1024px\" \/><\/figure>\n<\/div>\n\n\n\n<div class=\"wp-block-column is-layout-flow wp-block-column-is-layout-flow\">\n<h2 class=\"wp-block-heading has-text-align-center has-text-color has-link-color wp-elements-bf5e890fc86fcb53ba767dd11f85d338\" style=\"color:#272d2d\">Gouvernance I&amp;T<\/h2>\n\n\n\n<hr class=\"wp-block-separator has-text-color has-alpha-channel-opacity has-background\" style=\"margin-top:var(--wp--preset--spacing--small);margin-bottom:var(--wp--preset--spacing--small);background-color:#272d2d;color:#272d2d\"\/>\n\n\n\n<p class=\"has-text-color has-link-color wp-elements-a72c98227e141635221db2bf760a9d02\" style=\"color:#272d2d;padding-right:var(--wp--preset--spacing--small);padding-left:var(--wp--preset--spacing--small)\">Audit de gouvernance I&amp;T<br>Due diligence informatique<br>Due diligence op\u00e9rationnelle<br>Recrutement IT<br>Support pour vos audits financiers<\/p>\n<\/div>\n<\/div>\n\n\n\n<hr class=\"wp-block-separator has-text-color has-alpha-channel-opacity has-background\" style=\"margin-top:var(--wp--preset--spacing--large);margin-bottom:var(--wp--preset--spacing--large);background-color:#ff3643;color:#ff3643\"\/>\n\n\n\n<div class=\"wp-block-columns has-background is-layout-flex wp-container-core-columns-is-layout-28f84493 wp-block-columns-is-layout-flex\" style=\"background-color:#6883ba\">\n<div class=\"wp-block-column is-layout-flow wp-block-column-is-layout-flow\">\n<h2 class=\"wp-block-heading\">FORMATION<\/h2>\n\n\n\n<blockquote class=\"wp-block-quote is-layout-flow wp-block-quote-is-layout-flow\">\n<p class=\"has-text-color has-link-color wp-elements-e3ad8a8e3943aca2506447d5e649adae\" style=\"color:#fffcf9\">Votre feuille de route informatique sur les rails<\/p>\n<\/blockquote>\n<\/div>\n\n\n\n<div class=\"wp-block-column is-layout-flow wp-block-column-is-layout-flow\">\n<figure class=\"wp-block-image size-full\"><img loading=\"lazy\" decoding=\"async\" width=\"1024\" height=\"768\" src=\"http:\/\/na2wo4.fr\/wp-content\/uploads\/2023\/12\/ImageSite04.jpg\" alt=\"\" class=\"wp-image-19\" srcset=\"https:\/\/na2wo4.fr\/wp-content\/uploads\/2023\/12\/ImageSite04.jpg 1024w, https:\/\/na2wo4.fr\/wp-content\/uploads\/2023\/12\/ImageSite04-300x225.jpg 300w\" sizes=\"auto, (max-width: 1024px) 100vw, 1024px\" \/><\/figure>\n<\/div>\n\n\n\n<div class=\"wp-block-column is-layout-flow wp-block-column-is-layout-flow\">\n<h2 class=\"wp-block-heading has-text-align-center\">Formation en gouvernance IT<\/h2>\n\n\n\n<hr class=\"wp-block-separator has-text-color has-alpha-channel-opacity has-background\" style=\"margin-top:var(--wp--preset--spacing--small);margin-bottom:var(--wp--preset--spacing--small);background-color:#fffcf9;color:#fffcf9\"\/>\n\n\n\n<p>Public : <\/p>\n\n\n\n<ul class=\"wp-block-list\">\n<li style=\"padding-right:0;padding-left:0\">Responsable IT<\/li>\n\n\n\n<li style=\"padding-right:0;padding-left:0\">PDG, DAF et g\u00e9rant de PME ou ETI<\/li>\n<\/ul>\n<\/div>\n<\/div>\n\n\n\n<hr class=\"wp-block-separator has-text-color has-alpha-channel-opacity has-background\" style=\"margin-top:var(--wp--preset--spacing--large);margin-bottom:var(--wp--preset--spacing--large);background-color:#ff3643;color:#ff3643\"\/>\n\n\n\n<div class=\"wp-block-buttons is-content-justification-center is-layout-flex wp-container-core-buttons-is-layout-a89b3969 wp-block-buttons-is-layout-flex\">\n<div class=\"wp-block-button\"><a class=\"wp-block-button__link has-text-color has-background has-link-color has-border-color wp-element-button\" href=\"mailto:contact@na2wo4.com\" style=\"border-color:#272d2d;border-width:1px;color:#272d2d;background-color:#cedada\">Nous contacter<\/a><\/div>\n<\/div>\n\n\n\n<p><\/p>\n","protected":false},"excerpt":{"rendered":"<p>R\u00f4le \u00e9ph\u00e9m\u00e8reImpact durable SE PR\u00c9PARER AU CHANGEMENT L&rsquo;arriv\u00e9e d&rsquo;un nouvel ERP ou d&rsquo;un logiciel cl\u00e9 (CRM, GED, PLM), contactez-nous DSI DSI de transitionDirecteur \u00e0 temps partag\u00e9Gestionnaire du changement AUDIT Si vous envisagez d&rsquo;acqu\u00e9rir une entreprise et souhaitez conna\u00eetre le co\u00fbt de l&rsquo;int\u00e9gration informatique, contactez-nous. Gouvernance I&amp;T Audit de gouvernance I&amp;TDue diligence informatiqueDue diligence op\u00e9rationnelleRecrutement ITSupport &hellip; <\/p>\n<p class=\"link-more\"><a href=\"https:\/\/na2wo4.fr\/\" class=\"more-link\">Lire la suite de<span class=\"screen-reader-text\">\u00ab\u00a0Page d&rsquo;accueil\u00a0\u00bb<\/span><\/a><\/p>\n","protected":false},"author":1,"featured_media":140,"parent":0,"menu_order":0,"comment_status":"closed","ping_status":"closed","template":"page-templates\/homepage-no-hero.php","meta":{"footnotes":""},"class_list":["post-33","page","type-page","status-publish","has-post-thumbnail","hentry"],"_links":{"self":[{"href":"https:\/\/na2wo4.fr\/index.php\/wp-json\/wp\/v2\/pages\/33","targetHints":{"allow":["GET"]}}],"collection":[{"href":"https:\/\/na2wo4.fr\/index.php\/wp-json\/wp\/v2\/pages"}],"about":[{"href":"https:\/\/na2wo4.fr\/index.php\/wp-json\/wp\/v2\/types\/page"}],"author":[{"embeddable":true,"href":"https:\/\/na2wo4.fr\/index.php\/wp-json\/wp\/v2\/users\/1"}],"replies":[{"embeddable":true,"href":"https:\/\/na2wo4.fr\/index.php\/wp-json\/wp\/v2\/comments?post=33"}],"version-history":[{"count":84,"href":"https:\/\/na2wo4.fr\/index.php\/wp-json\/wp\/v2\/pages\/33\/revisions"}],"predecessor-version":[{"id":338,"href":"https:\/\/na2wo4.fr\/index.php\/wp-json\/wp\/v2\/pages\/33\/revisions\/338"}],"wp:featuredmedia":[{"embeddable":true,"href":"https:\/\/na2wo4.fr\/index.php\/wp-json\/wp\/v2\/media\/140"}],"wp:attachment":[{"href":"https:\/\/na2wo4.fr\/index.php\/wp-json\/wp\/v2\/media?parent=33"}],"curies":[{"name":"wp","href":"https:\/\/api.w.org\/{rel}","templated":true}]}}